6.
2, 6823
What are the prime factors of 2237?
2237
List the prime factors of 811.
811
List the prime factors of 2142.
2, 3, 7, 17
List the prime factors of 1322.
2, 661
What are the prime factors of 2161?
2161
What are the prime factors of 3926?
2, 13, 151
What are the prime factors of 10763?
47, 229
List the prime factors of 299.
13, 23
List the prime factors of 12948.
2, 3, 13, 83
List the prime factors of 3007.
31, 97
List the prime factors of 608.
2, 19
List the prime factors of 60448.
2, 1889
List the prime factors of 77200.
2, 5, 193
List the prime factors of 7099.
31, 229
What are the prime factors of 12812?
2, 3203
What are the prime factors of 1167?
3, 389
What are the prime factors of 7061?
23, 307
List the prime factors of 1804.
2, 11, 41
List the prime factors of 15414.
2, 3, 7, 367
List the prime factors of 1247.
29, 43
List the prime factors of 2259.
3, 251
What are the prime factors of 5968?
2, 373
What are the prime factors of 21146?
2, 97, 109
What are the prime factors of 2663?
2663
What are the prime factors of 1717?
17, 101
What are the prime factors of 1333?
31, 43
What are the prime factors of 1898?
2, 13, 73
List the prime factors of 21516.
2, 3, 11, 163
List the prime factors of 462.
2, 3, 7, 11
List the prime factors of 28.
2, 7
What are the prime factors of 92?
2, 23
List the prime factors of 24046.
2, 11, 1093
What are the prime factors of 6661?
6661
List the prime factors of 145432.
2, 7, 53
What are the prime factors of 652?
2, 163
What are the prime factors of 10854?
2, 3, 67
List the prime factors of 1244.
2, 311
What are the prime factors of 86158?
2, 23, 1873
What are the prime factors of 1770?
2, 3, 5, 59
What are the prime factors of 5474?
2, 7, 17, 23
List the prime factors of 1004.
2, 251
List the prime factors of 156234.
2, 3, 13, 2003
List the prime factors of 2072.
2, 7, 37
List the prime factors of 498.
2, 3, 83
What are the prime factors of 768?
2, 3
List the prime factors of 33759.
3, 11, 31
List the prime factors of 1031.
1031
List the prime factors of 62078.
2, 31039
List the prime factors of 2574.
2, 3, 11, 13
What are the prime factors of 155010?
2, 3, 5, 5167
List the prime factors of 35410.
2, 5, 3541
What are the prime factors of 7276?
2, 17, 107
List the prime factors of 2399.
2399
What are the prime factors of 4198?
2, 2099
What are the prime factors of 938?
2, 7, 67
List the prime factors of 427.
7, 61
What are the prime factors of 36018?
2, 3, 23, 29
What are the prime factors of 3968?
2, 31
List the prime factors of 68270.
2, 5, 6827
List the prime factors of 13855.
5, 17, 163
List the prime factors of 2305.
5, 461
What are the prime factors of 47086?
2, 13, 1811
What are the prime factors of 10658?
2, 73
What are the prime factors of 20280?
2, 3, 5, 13
What are the prime factors of 22831?
17, 79
List the prime factors of 2390.
2, 5, 239
What are the prime factors of 15286?
2, 7643
What are the prime factors of 9915?
3, 5, 661
List the prime factors of 2719.
2719
What are the prime factors of 711?
3, 79
What are the prime factors of 6837?
3, 43, 53
What are the prime factors of 77558?
2, 13, 19, 157
What are the prime factors of 300?
2, 3, 5
List the prime factors of 731.
17, 43
What are the prime factors of 1354?
2, 677
What are the prime factors of 367?
367
What are the prime factors of 46035?
3, 5, 11, 31
List the prime factors of 3158.
2, 1579
What are the prime factors of 948?
2, 3, 79
What are the prime factors of 62405?
5, 7, 1783
What are the prime factors of 70998?
2, 3, 11833
What are the prime factors of 583?
11, 53
What are the prime factors of 1463?
7, 11, 19
List the prime factors of 16138.
2, 8069
What are the prime factors of 4702?
2, 2351
List the prime factors of 3142.
2, 1571
What are the prime factors of 27601?
7, 3943
What are the prime factors of 2690?
2, 5, 269
What are the prime factors of 1260?
2, 3, 5, 7
What are the prime factors of 30311?
17, 1783
What are the prime factors of 1244?
2, 311
List the prime factors of 75868.
2, 13, 1459
List the prime factors of 3226.
2, 1613
What are the prime factors of 1360?
2, 5, 17
List the prime factors of 30473.
31, 983
List the prime factors of 11776.
2, 23
What are the prime factors of 8638?
2, 7, 617
What are the prime factors of 16299?
3, 1811
What are the prime factors of 11891?
11, 23, 47
List the prime factors of 2131.
2131
List the prime factors of 732.
2, 3, 61
What are the prime factors of 909?
3, 101
List the prime factors of 2543.
2543
What are the prime factors of 135043?
135043
What are the prime factors of 46546?
2, 17, 37
What are the prime factors of 4151?
7, 593
What are the prime factors of 887?
887
What are the prime factors of 1357?
23, 59
What are the prime factors of 4946?
2, 2473
List the prime factors of 22630.
2, 5, 31, 73
List the prime factors of 62665.
5, 83, 151
What are the prime factors of 1062?
2, 3, 59
What are the prime factors of 11621?
11621
List the prime factors of 6420.
2, 3, 5, 107
List the prime factors of 3346.
2, 7, 239
What are the prime factors of 1331?
11
What are the prime factors of 835?
5, 167
What are the prime factors of 10029?
3, 3343
List the prime factors of 1925.
5, 7, 11
List the prime factors of 1033.
1033
List the prime factors of 391.
17, 23
List the prime factors of 8372.
2, 7, 13, 23
List the prime factors of 9236.
2, 2309
List the prime factors of 14091.
3, 7, 11, 61
List the prime factors of 375.
3, 5
What are the prime factors of 881?
881
What are the prime factors of 1388?
2, 347
List the prime factors of 2696.
2, 337
What are the prime factors of 8172?
2, 3, 227
List the prime factors of 24881.
139, 179
What are the prime factors of 804?
2, 3, 67
List the prime factors of 7870.
2, 5, 787
What are the prime factors of 1462?
2, 17, 43
What are the prime factors of 1107?
3, 41
What are the prime factors of 140705?
5, 107, 263
List the prime factors of 72065.
5, 7, 29, 71
What are the prime factors of 306?
2, 3, 17
What are the prime factors of 10181?
10181
What are the prime factors of 28723?
28723
List the prime factors of 12192.
2, 3, 127
List the prime factors of 3889.
3889
What are the prime factors of 5491?
17, 19
What are the prime factors of 2962?
2, 1481
List the prime factors of 923.
13, 71
List the prime factors of 173053.
173053
List the prime factors of 339.
3, 113
What are the prime factors of 38322?
2, 3, 2129
What are the prime factors of 1998?
2, 3, 37
List the prime factors of 14936.
2, 1867
What are the prime factors of 30692?
2, 7673
What are the prime factors of 24256?
2, 379
List the prime factors of 6758.
2, 31, 109
List the prime factors of 25873.
25873
What are the prime factors of 2514?
2, 3, 419
List the prime factors of 100689.
3, 33563
What are the prime factors of 693?
3, 7, 11
List the prime factors of 7377.
3, 2459
List the prime factors of 11292.
2, 3, 941
List the prime factors of 122701.
122701
List the prime factors of 1196.
2, 13, 23
List the prime factors of 2646.
2, 3, 7
List the prime factors of 51117.
3, 11, 1549
List the prime factors of 11517.
3, 11, 349
What are the prime factors of 2240?
2, 5, 7
List the prime factors of 5572.
2, 7, 199
What are the prime factors of 3482?
2, 1741
What are the prime factors of 733?
733
What are the prime factors of 10804?
2, 37, 73
What are the prime factors of 1554?
2, 3, 7, 37
List the prime factors of 5601.
3, 1867
What are the prime factors of 8709?
3, 2903
List the prime factors of 25103.
13, 1931
List the prime factors of 1157.
13, 89
List the prime factors of 24804.
2, 3, 13, 53
What are the prime factors of 546?
2, 3, 7, 13
What are the prime factors of 54800?
2, 5, 137
List the prime factors of 2687.
2687
List the prime factors of 4014.
2, 3, 223
List the prime factors of 2102.
2, 1051
List the prime factors of 2595.
3, 5, 173
List the prime factors of 1423.
1423
What are the prime factors of 229?
229
List the prime factors of 27138.
2, 3, 4523
What are the prime factors of 1556?
2, 389
What are the prime factors of 5025?
3, 5, 67
List the prime factors of 6635.
5, 1327
List the prime factors of 34505.
5, 67, 103
List the prime factors of 3314.
2, 1657
List the prime factors of 3575.
5, 11, 13
List the prime factors of 24640.
2, 5, 7, 11
What are the prime factors of 2525